{"id":1986806,"date":"2023-07-13T11:03:13","date_gmt":"2023-07-13T09:03:13","guid":{"rendered":"https:\/\/de.tilta.com\/shop\/cage-de-protection-pour-sony-fx3-fx30-v2\/"},"modified":"2026-04-27T13:17:18","modified_gmt":"2026-04-27T11:17:18","slug":"full-camera-cage-for-sony-fx3-fx30-v2","status":"publish","type":"product","link":"https:\/\/eu.tilta.com\/fr\/shop\/full-camera-cage-for-sony-fx3-fx30-v2\/","title":{"rendered":"Cage de protection pour Sony FX3\/FX30 V2"},"content":{"rendered":"<p><em>Lib\u00e9rez la puissance de votre FX3 ou FX30 avec la nouvelle cage de cam\u00e9ra compl\u00e8te pour Sony FX3\/FX30 V2 !  <\/em><\/p>\n<p>Cette cage compl\u00e8te offre de nombreuses possibilit\u00e9s de montage de divers accessoires tels que des filetages 1\/4&#8243;-20 et 3\/8&#8243;-16 avec divers points de positionnement, deux r\u00e9cepteurs de sabot froid, un rail OTAN pour les poign\u00e9es sup\u00e9rieures et des points de montage pour un porte-canne unique.<\/p>\n<p>Cette nouvelle conception est incroyablement modulaire, ce qui permet de retirer ou d&#8217;ajouter diff\u00e9rents c\u00f4t\u00e9s de la cage pour s&#8217;adapter \u00e0 diff\u00e9rents sc\u00e9narios de tir.<\/p>\n<p>Ceci est particuli\u00e8rement utile dans les situations o\u00f9 le poids est un probl\u00e8me, comme lors de l&#8217;utilisation d&#8217;un cardan ou d&#8217;accessoires tels que la poign\u00e9e XLR Top Handle avec laquelle cette cage est enti\u00e8rement compatible.<\/p>\n<p>En ce qui concerne les cardans, la plaque inf\u00e9rieure est \u00e9quip\u00e9e d&#8217;une plaque de fixation rapide ARCA, id\u00e9ale pour passer rapidement d&#8217;un tr\u00e9pied \u00e0 un cardan DJI.<\/p>\n<p>Veuillez noter que cette cage utilise la norme DJI pour l&#8217;ARCA. La compatibilit\u00e9 avec d&#8217;autres normes n&#8217;est pas garantie.<\/p>\n<p>Le nouveau serre-c\u00e2ble s&#8217;int\u00e8gre facilement \u00e0 la cage compl\u00e8te et offre une s\u00e9curit\u00e9 accrue pour les c\u00e2bles qui peuvent \u00eatre facilement fix\u00e9s \u00e0 l&#8217;aide d&#8217;une vis \u00e0 ailettes.<\/p>\n<p>La cage comporte d\u00e9sormais trois vis de fixation individuelles, ce qui am\u00e9liore consid\u00e9rablement la connexion entre le bo\u00eetier de l&#8217;appareil photo et la cage.<\/p>\n<p>Cela permet de s&#8217;assurer que les accessoires mont\u00e9s via la cage, tels que les moteurs de suivi de la mise au point sans fil, limiteront la torsion de l&#8217;avant de la cam\u00e9ra \u00e0 l&#8217;int\u00e9rieur de la cage elle-m\u00eame.<\/p>\n<p><strong>REMARQUE : Cette cage n&#8217;est compatible qu&#8217;avec la <span style=\"text-decoration: underline;\">plaque de base Tilta Modular 15mm LWS Type III<\/span> et PAS avec la plaque de base Type IV.  <\/strong><\/p>\n","protected":false},"excerpt":{"rendered":"<p>Lib\u00e9rez la puissance de votre FX3 ou FX30 avec la nouvelle cage de cam\u00e9ra compl\u00e8te pour Sony FX3\/FX30 V2 ! Cette cage compl\u00e8te offre de nombreuses possibilit\u00e9s de montage de divers accessoires tels que des filetages 1\/4&#8243;-20 et 3\/8&#8243;-16 avec [&hellip;]<\/p>\n","protected":false},"featured_media":1986868,"comment_status":"closed","ping_status":"closed","template":"","meta":[],"product_cat":[1703],"product_tag":[],"acf":[],"gallery_images":[1946072,1946074,1945201,1945203,1945202],"_links":{"self":[{"href":"https:\/\/eu.tilta.com\/fr\/wp-json\/wp\/v2\/product\/1986806"}],"collection":[{"href":"https:\/\/eu.tilta.com\/fr\/wp-json\/wp\/v2\/product"}],"about":[{"href":"https:\/\/eu.tilta.com\/fr\/wp-json\/wp\/v2\/types\/product"}],"replies":[{"embeddable":true,"href":"https:\/\/eu.tilta.com\/fr\/wp-json\/wp\/v2\/comments?post=1986806"}],"wp:featuredmedia":[{"embeddable":true,"href":"https:\/\/eu.tilta.com\/fr\/wp-json\/wp\/v2\/media\/1986868"}],"wp:attachment":[{"href":"https:\/\/eu.tilta.com\/fr\/wp-json\/wp\/v2\/media?parent=1986806"}],"wp:term":[{"taxonomy":"product_cat","embeddable":true,"href":"https:\/\/eu.tilta.com\/fr\/wp-json\/wp\/v2\/product_cat?post=1986806"},{"taxonomy":"product_tag","embeddable":true,"href":"https:\/\/eu.tilta.com\/fr\/wp-json\/wp\/v2\/product_tag?post=1986806"}],"curies":[{"name":"wp","href":"https:\/\/api.w.org\/{rel}","templated":true}]}}

<p><em>Libérez la puissance de votre FX3 ou FX30 avec la nouvelle cage de caméra complète pour Sony FX3/FX30 V2 !  </em></p>
<p>Cette cage complète offre de nombreuses possibilités de montage de divers accessoires tels que des filetages 1/4&#8243;-20 et 3/8&#8243;-16 avec divers points de positionnement, deux récepteurs de sabot froid, un rail OTAN pour les poignées supérieures et des points de montage pour un porte-canne unique.</p>
<p>Cette nouvelle conception est incroyablement modulaire, ce qui permet de retirer ou d&#8217;ajouter différents côtés de la cage pour s&#8217;adapter à différents scénarios de tir.</p>
<p>Ceci est particulièrement utile dans les situations où le poids est un problème, comme lors de l&#8217;utilisation d&#8217;un cardan ou d&#8217;accessoires tels que la poignée XLR Top Handle avec laquelle cette cage est entièrement compatible.</p>
<p>En ce qui concerne les cardans, la plaque inférieure est équipée d&#8217;une plaque de fixation rapide ARCA, idéale pour passer rapidement d&#8217;un trépied à un cardan DJI.</p>
<p>Veuillez noter que cette cage utilise la norme DJI pour l&#8217;ARCA. La compatibilité avec d&#8217;autres normes n&#8217;est pas garantie.</p>
<p>Le nouveau serre-câble s&#8217;intègre facilement à la cage complète et offre une sécurité accrue pour les câbles qui peuvent être facilement fixés à l&#8217;aide d&#8217;une vis à ailettes.</p>
<p>La cage comporte désormais trois vis de fixation individuelles, ce qui améliore considérablement la connexion entre le boîtier de l&#8217;appareil photo et la cage.</p>
<p>Cela permet de s&#8217;assurer que les accessoires montés via la cage, tels que les moteurs de suivi de la mise au point sans fil, limiteront la torsion de l&#8217;avant de la caméra à l&#8217;intérieur de la cage elle-même.</p>
<p><strong>REMARQUE : Cette cage n&#8217;est compatible qu&#8217;avec la <span style="text-decoration: underline;">plaque de base Tilta Modular 15mm LWS Type III</span> et PAS avec la plaque de base Type IV.  </strong></p>

<p>Libérez la puissance de votre FX3 ou FX30 avec la nouvelle cage de caméra complète pour Sony FX3/FX30 V2 ! Cette cage complète offre de nombreuses possibilités de montage de divers accessoires tels que des filetages 1/4&#8243;-20 et 3/8&#8243;-16 avec [&hellip;]</p>
