{"id":1998786,"date":"2017-07-31T12:50:33","date_gmt":"2017-07-31T10:50:33","guid":{"rendered":"https:\/\/de.tilta.com\/shop\/adaptateurs-poignee-nucleus-m-vers-cardan\/"},"modified":"2026-04-30T10:00:15","modified_gmt":"2026-04-30T08:00:15","slug":"nucleus-m-handle-grip-mount-gimbal-adapter-lr","status":"publish","type":"product","link":"https:\/\/eu.tilta.com\/fr\/shop\/nucleus-m-handle-grip-mount-gimbal-adapter-lr\/","title":{"rendered":"Adaptateurs poign\u00e9e Nucleus-M vers cardan"},"content":{"rendered":"<div class=\"overview-text\">\n<p>Le Nucleus-M : syst\u00e8me de contr\u00f4le sans fil de l&#8217;objectif a \u00e9t\u00e9 con\u00e7u pour \u00eatre polyvalent. Gr\u00e2ce \u00e0 ces adaptateurs, vous pouvez facilement connecter vos poign\u00e9es Nucleus-M \u00e0 des cardans \u00e0 poign\u00e9e sup\u00e9rieure de 30 mm et 25 mm de diam\u00e8tre.<\/p>\n<p>Le paquet comprend deux adaptateurs, un pour la poign\u00e9e gauche et un pour la poign\u00e9e droite.<\/p>\n<\/div>\n","protected":false},"excerpt":{"rendered":"<p>Le Nucleus-M : syst\u00e8me de contr\u00f4le sans fil de l&#8217;objectif a \u00e9t\u00e9 con\u00e7u pour \u00eatre polyvalent. Gr\u00e2ce \u00e0 ces adaptateurs, vous pouvez facilement connecter vos poign\u00e9es Nucleus-M \u00e0 des cardans \u00e0 poign\u00e9e sup\u00e9rieure de 30 mm et 25 mm de [&hellip;]<\/p>\n","protected":false},"featured_media":1998788,"comment_status":"closed","ping_status":"closed","template":"","meta":[],"product_cat":[2299],"product_tag":[],"acf":[],"gallery_images":[],"_links":{"self":[{"href":"https:\/\/eu.tilta.com\/fr\/wp-json\/wp\/v2\/product\/1998786"}],"collection":[{"href":"https:\/\/eu.tilta.com\/fr\/wp-json\/wp\/v2\/product"}],"about":[{"href":"https:\/\/eu.tilta.com\/fr\/wp-json\/wp\/v2\/types\/product"}],"replies":[{"embeddable":true,"href":"https:\/\/eu.tilta.com\/fr\/wp-json\/wp\/v2\/comments?post=1998786"}],"wp:featuredmedia":[{"embeddable":true,"href":"https:\/\/eu.tilta.com\/fr\/wp-json\/wp\/v2\/media\/1998788"}],"wp:attachment":[{"href":"https:\/\/eu.tilta.com\/fr\/wp-json\/wp\/v2\/media?parent=1998786"}],"wp:term":[{"taxonomy":"product_cat","embeddable":true,"href":"https:\/\/eu.tilta.com\/fr\/wp-json\/wp\/v2\/product_cat?post=1998786"},{"taxonomy":"product_tag","embeddable":true,"href":"https:\/\/eu.tilta.com\/fr\/wp-json\/wp\/v2\/product_tag?post=1998786"}],"curies":[{"name":"wp","href":"https:\/\/api.w.org\/{rel}","templated":true}]}}

Adaptateurs poignée Nucleus-M vers cardan

<div class="overview-text">
<p>Le Nucleus-M : système de contrôle sans fil de l&#8217;objectif a été conçu pour être polyvalent. Grâce à ces adaptateurs, vous pouvez facilement connecter vos poignées Nucleus-M à des cardans à poignée supérieure de 30 mm et 25 mm de diamètre.</p>
<p>Le paquet comprend deux adaptateurs, un pour la poignée gauche et un pour la poignée droite.</p>
</div>

<p>Le Nucleus-M : système de contrôle sans fil de l&#8217;objectif a été conçu pour être polyvalent. Grâce à ces adaptateurs, vous pouvez facilement connecter vos poignées Nucleus-M à des cardans à poignée supérieure de 30 mm et 25 mm de [&hellip;]</p>
